prime?
False
Is 159667 a prime number?
True
Is 188079209 a prime number?
True
Is 2565559 composite?
False
Is 36186277 composite?
False
Is 3811349 composite?
True
Is 27545429 a composite number?
False
Is 55648889 prime?
True
Is 129647129 a prime number?
True
Is 3094679 a composite number?
True
Is 1049352613 a prime number?
False
Is 796679981 prime?
True
Is 22608329 a composite number?
True
Is 6732247 a composite number?
False
Is 69122953 a composite number?
True
Is 25445977 prime?
True
Is 108884933 a prime number?
True
Is 34149493 a prime number?
False
Is 18375857 a composite number?
False
Is 5068311 composite?
True
Is 69961159 a prime number?
True
Is 39077651 a prime number?
True
Is 843749 a composite number?
True
Is 94348363 prime?
False
Is 79607 composite?
True
Is 16804679 composite?
False
Is 22549933 a prime number?
False
Is 106043129 composite?
False
Is 35186179 a composite number?
True
Is 24036451 prime?
False
Is 546781 a composite number?
False
Is 186547787 a composite number?
False
Is 2258959 composite?
True
Is 223786739 a prime number?
False
Is 1645953457 prime?
True
Is 650297 prime?
False
Is 432053917 a prime number?
True
Is 11936719 a composite number?
True
Is 97461669 a composite number?
True
Is 12994071 prime?
False
Is 21573647 prime?
True
Is 364140479 a composite number?
True
Is 553961 a prime number?
True
Is 19059385 a composite number?
True
Is 64705 a prime number?
False
Is 12857107 composite?
False
Is 30830389 prime?
True
Is 275623 composite?
False
Is 12442135 a composite number?
True
Is 7352101 composite?
True
Is 2879369 composite?
True
Is 43867997 composite?
False
Is 52150289 a prime number?
True
Is 134876263 a composite number?
False
Is 8052167 prime?
True
Is 5468513 a composite number?
False
Is 76890389 a composite number?
True
Is 2275487 composite?
True
Is 1602019 a prime number?
False
Is 62050679 a composite number?
False
Is 274598983 a composite number?
False
Is 42948093 a composite number?
True
Is 216610439 a prime number?
False
Is 2167829 composite?
False
Is 10581281 prime?
True
Is 10005851 composite?
True
Is 511252829 a prime number?
True
Is 180809 prime?
False
Is 1204667443 a prime number?
False
Is 132127739 a prime number?
True
Is 32297999 a prime number?
False
Is 19637615 prime?
False
Is 27012871 a composite number?
True
Is 3506761 prime?
False
Is 52907737 a prime number?
True
Is 3152489 composite?
False
Is 297707 prime?
True
Is 12125723 composite?
False
Is 2246633 prime?
True
Is 1937723 a composite number?
False
Is 33027881 a prime number?
True
Is 44614567 a prime number?
False
Is 156462311 prime?
True
Is 180884759 prime?
False
Is 27164779 composite?
True
Is 6085522 a composite number?
True
Is 1112197 a composite number?
False
Is 4957373 a composite number?
False
Is 110511613 composite?
False
Is 2781343 composite?
False
Is 218381 composite?
False
Is 93671693 composite?
True
Is 190356541 composite?
False
Is 42182741 prime?
True
Is 566327 composite?
True
Is 6321599 a composite number?
False
Is 1165271 prime?
False
Is 24307453 composite?
False
Is 7595557 prime?
True
Is 411361 a prime number?
True
Is 27004385 a composite number?
True
Is 59504909 composite?
False
Is 43991833 prime?
False
Is 1990069 a composite number?
False
Is 9499451 a composite number?
True
Is 4761021 composite?
True
Is 3584509 prime?
True
Is 57925909 prime?
True
Is 4345997 a composite number?
False
Is 199702291 a composite number?
False
Is 4266943 composite?
False
Is 80805319 a composite number?
True
Is 8070935 composite?
True
Is 42207083 composite?
False
Is 1238773 prime?
False
Is 856897 composite?
False
Is 9821957 a prime number?
True
Is 140449009 prime?
False
Is 3946861 a composite number?
True
Is 3308947 a composite number?
True
Is 9379877 a prime number?
False
Is 3797641 a prime number?
True
Is 25677851 prime?
True
Is 291720571 a composite number?
True
Is 2574683 a composite number?
False
Is 62507867 a composite number?
True
Is 157581481 composite?
False
Is 5064559 a prime number?
True
Is 2588609 prime?
False
Is 1237919 composite?
False
Is 2899261 composite?
False
Is 2415341 prime?
False
Is 8507561 a prime number?
True
Is 35032429 a prime number?
True
Is 4224667 composite?
False
Is 14057923 a composite number?
True
Is 2568719 prime?
True
Is 123051889 prime?
True
Is 365782265 composite?
True
Is 4988341 prime?
False
Is 6694343 a composite number?
True
Is 103718386 a prime number?
False
Is 353183003 a composite number?
False
Is 63929693 prime?
False
Is 32558759 composite?
False
Is 18728047 a prime number?
False
Is 7221139 a prime number?
False
Is 51360863 a prime number?
False
Is 3794639 a composite number?
True
Is 53914771 prime?
True
Is 389745049 prime?
True
Is 7449173 prime?
False
Is 181199 a prime number?
True
Is 748565 composite?
True
Is 21542153 a prime number?
True
Is 216303091 composite?
True
Is 6587651 composite?
True
Is 118312045 prime?
False
Is 217602701 a composite number?
True
Is 1839373 a prime number?
True
Is 87835249 prime?
False
Is 3693397 a composite number?
False
Is 62675903 prime?
True
Is 862061 prime?
True
Is 580031 a composite number?
False
Is 444791 composite?
False
Is 23639621 composite?
True
Is 3864439 a composite number?
True
Is 286650411 composite?
True
Is 383573 prime?
True
Is 1567957 a prime number?
False
Is 61834997 composite?
True
Is 559420919 composite?
False
Is 1861889 a composite number?
False
Is 6445169 a composite number?
False
Is 91800619 a prime number?
True
Is 30095003 prime?
True
Is 3905219 prime?
True
Is 51822881 composite?
True
Is 22199797 a prime number?
True
Is 20958079 prime?
True
Is 21481787 composite?
False
Is 145637027 a prime number?
True
Is 326639419 prime?
True
Is 51307133 a prime number?
True
Is 5930683 prime?
False
Is 4325389 composite?
False
Is 18499703 prime?
False
Is 12142217 a composite number?
False
Is 93843821 a prime number?
False
Is 196015433 a composite number?
False
Is 294101215 a composite number?
True
Is 33954953 a composite number?
False
Is 16167779 a prime number?
False
Is 2829359 prime?
False
Is 625038019 a composite number?
False
Is 55183 composite?
True
Is 2921411 prime?
False
Is 763585 composite?
True
Is 15629527 a composite number?
False
Is 16317677 prime?
True
Is 4662469 prime?
False
Is 4266149 a composite number?
False
Is 10745477 prime?
True
Is 11612539 a composite number?
True
Is 9289451 prime?
True
Is 30730265 a prime number?
False
Is 116512597 composite?
True
Is 223651 a prime number?
False
Is 4334087 prime?
True
Is 12069355 a composite number?
True
Is 46219807 a prime number?
True
Is 152417 a composite number?
False
Is 1908781 composite?
True
Is 1805669 composite?
True
Is 1512661 prime?
True
Is 91056727 a prime number?
False
Is 32788997 a composite number?
False
Is 195704543 prime?
True
Is 126674069 a composite number?
False
Is 112330073 a composite number?
False
Is 5494091 prime?
True
Is 37597058 a composite number?
True
Is 15459769 prime?
False
Is 34600981 prime?
True
Is 62255705 composite?
True
Is 4566257 a prime number?
True
Is 18289553 a composite number?
True
Is 23461303 prime?
True
Is 5163503 a prime number?
False
Is 289867537 a prime number?
False
Is 159158971 a composite number?
False
Is 25523 a composite number?
False
Is 103888801 composite?
True
Is 23892767 prime?
True
Is 2534131 a composite number?
False
Is 12084661 a prime number?
True
Is 2904719 a prime number?
True
Is 228629347 a composite number?
True
Is 47189 prime?
True
Is 3190819 composite?
False
Is 20539321 prime?
False
Is 223529 a prime number?
True
Is 2438453 a prime number?
True
Is 10062953 prime?
True
Is 2950637 prime?
True
Is 21372629 a prime number?
True
Is 132792089 prime?
False
Is 2399359 a composite number?
False
Is 58782569 prime?
True
Is 35081477 a composite number?
False
Is 1446059 a composite number?
False
Is 948629 a composite number?
True
Is 68644001 a composite number?
False
Is 1769947 a prime number?
True
Is 3958313 a prime number?
True
Is 263714881 a prime number?
False
Is 8878729 a prime number?
False
Is 5524633 prime?
True
Is 1075279 composite?
False
Is 324598033 prime?
False
Is 9700879 prime?
True
Is 53471053 a prime number?
True
Is 2929820551 prime?
False
Is 70410589 composite?
True
Is 20505151 prime?
True
Is 1925257 a prime number?
True
Is 141752873 a prime number?
False
I